 s(m) = m**3 - 7*m**2 + 9*m - 20. What is s(6)?
-2
Let g(w) = w**2 + 20*w + 55. Give g(-17).
4
Let y(o) = o**3 - o + 16. Determine y(0).
16
Let p(w) = -w**2 - 5*w + 9. Give p(-6).
3
Let p(r) = 2*r + 25. What is p(11)?
47
Let r(d) = 3*d**3 + 2*d**2 + 3*d + 2. Give r(-2).
-20
Let d(c) = c**3 - 7*c**2 - 2. What is d(6)?
-38
Let c(r) = -r**3 + 8*r + 9. Calculate c(3).
6
Let v(s) = s - 5. Give v(-7).
-12
Let n(b) = -b**2 - 12*b + 15. Give n(-12).
15
Let b(g) = -2*g**3 - 12*g**2 - 10*g + 1. What is b(-5)?
1
Let r(o) = -71*o**3 + o - 1. Calculate r(1).
-71
Let m(t) = t**3 - 5*t**2 - 12*t - 5. Give m(6).
-41
Let v(t) = t**2 - 12*t - 6. Determine v(13).
7
Let r(v) = v**2 + 24*v + 24. Calculate r(-17).
-95
Let r(x) = 4*x + 1. What is r(1)?
5
Let c(a) = -4*a**3 + 1. Determine c(1).
-3
Let s(g) = -g**2 - 13*g - 6. Give s(-6).
36
Let x(a) = -a**3 + 5*a**2. What is x(3)?
18
Let k(h) = -2*h**3 + 14*h**2 - 13*h - 4. Determine k(6).
-10
Let i(s) = 6*s + 110. Determine i(-19).
-4
Let s(t) = t**2 - 4*t + 2. Give s(5).
7
Let z(a) = -a**2 - 7*a + 30. Give z(-11).
-14
Let z(n) = -n**3 + 5*n**2 - 7*n + 3. Give z(4).
-9
Let q(n) = 5*n**2 - 54*n - 18. Give q(11).
-7
Let w(r) = r**3 - 26*r**2 + 2. Calculate w(26).
2
Let k(m) = 5*m**2 - 4*m - 6. Determine k(5).
99
Let t(k) = -k**2 - 5*k + 250. What is t(-19)?
-16
Let d(o) = o**3 - 26*o**2 - 1. Determine d(26).
-1
Let u(j) = j**3 - j - 30. Calculate u(0).
-30
Let h(s) = 3*s**2 - 14*s - 3. Calculate h(4).
-11
Let z(x) = -2*x**2 + 15*x + 10. Determine z(9).
-17
Let a(w) = -w**3 + 39*w**2 + 17*w - 657. Calculate a(39).
6
Let q(d) = -d**3 - 15*d**2 - 14*d - 17. Give q(-14).
-17
Let l(p) = p + 6. Give l(0).
6
Let v(o) = o**3 - 5*o**2 + 8*o - 8. Give v(4).
8
Let t(v) = -v**2 - 16*v - 12. Determine t(0).
-12
Let s(b) = b**3 + 8*b**2 + 3*b - 9. Calculate s(-8).
-33
Let w(p) = p**3 - 4*p**2 + 6*p - 12. Determine w(2).
-8
Let l(t) = -t**2 + 5*t - 2. Give l(3).
4
Let b(u) = -15*u**2 + u + 7. Give b(-4).
-237
Let v(l) = l**3 + 9*l**2 - 37*l - 33. Give v(-12).
-21
Let o(i) = 2*i + 8. Calculate o(6).
20
Let j(q) = 2*q**3 - q**2 - q. What is j(-1)?
-2
Let o(d) = 6*d**2 - 5*d - 8. What is o(2)?
6
Let j(y) = 2*y - 24. Give j(16).
8
Let x(q) = -3*q**2 + 62*q + 18. Determine x(21).
-3
Let m(w) = w**3 - w**2 - 3*w + 1. What is m(3)?
10
Let w(b) = -2*b - 20. What is w(-8)?
-4
Let w(y) = -2*y**3 + 15*y**2 + 50*y - 5. Give w(10).
-5
Let w(q) = -6*q - 18. Calculate w(-6).
18
Let h(a) = 33*a + 237. Calculate h(-7).
6
Let x(h) = h**2 + 12*h + 14. Calculate x(-7).
-21
Let v(c) = 2*c**2 - 12*c - 13. Calculate v(-1).
1
Let h(p) = -31*p + 933. What is h(30)?
3
Let c(i) = -i - 15. Calculate c(-6).
-9
Let l(v) = -v**2 - 9*v - 22. Determine l(-7).
-8
Let w(m) = 2*m**3 + 8*m**2 - 8*m + 11. Give w(-5).
1
Let t(x) = 6*x - 112. Calculate t(18).
-4
Let z(a) = 41*a**3 - 2*a**2 - 3*a - 2. Determine z(-1).
-42
Let n(d) = -d**2 + 22*d + 28. What is n(23)?
5
Let t(m) = m**3 + 6*m**2 + 7*m + 14. Determine t(-5).
4
Let q(u) = u**3 - 5*u**2 + 6*u. Calculate q(4).
8
Let l(t) = t**2 - 31*t + 10. Calculate l(31).
10
Let d(u) = 110*u + 884. What is d(-8)?
4
Let b(r) = -3*r - 11. Determine b(-6).
7
Let s(i) = i**2 - 5*i - 1. Determine s(-4).
35
Let r(w) = w**3 - 8*w**2 - 11*w - 10. Calculate r(9).
-28
Let b(l) = -l**3 - 7*l**2 - 6*l + 5. Determine b(-4).
-19
Let o(w) = -w**3 + 16*w**2 - 17*w + 54. Determine o(15).
24
Let h(c) = -6*c + 47. Determine h(7).
5
Let k(v) = v**2 + 2*v + 1. Calculate k(5).
36
Let k(y) = y**2 + 32*y + 132. Calculate k(-18).
-120
Let c(y) = 22*y. Give c(-3).
-66
Let d(a) = 173*a + 1045. What is d(-6)?
7
Let c(k) = -k**3 + 2*k**2 - k - 8. Determine c(-2).
10
Let z(g) = g**2 + 2*g - 18. Give z(-4).
-10
Let r(t) = t**2 - 2*t - 14. Give r(8).
34
Let h(p) = p**3 - 14*p**2 + 22*p + 27. Give h(12).
3
Let p(g) = 3*g**3 + 3*g**2 + 4*g + 2. What is p(-2)?
-18
Let r(y) = -22*y - 94. What is r(-4)?
-6
Let z(j) = 29*j - 166. Determine z(6).
8
Let d(u) = 33*u**2 - 3*u - 1. What is d(1)?
29
Let r(y) = -5*y - 4. What is r(-2)?
6
Let z(m) = m**3 - 3*m**2 + 1. What is z(3)?
1
Let v(h) = h**3 - h**2 + h + 4. Determine v(0).
4
Let g(i) = -i**2 - i + 7. What is g(5)?
-23
Let a(r) = -7*r**2 - 4*r - 5. Give a(-1).
-8
Let i(p) = 9*p. What is i(-1)?
-9
Let s(y) = -68*y**2 + y - 1. What is s(-1)?
-70
Let d(m) = -20*m**2 + 5*m - 3. What is d(1)?
-18
Let a(i) = i**3 - 14*i**2 - 17*i + 31. What is a(15)?
1
Let a(n) = -n**2 + 2*n + 5. Determine a(-5).
-30
Let y(d) = 17*d - 89. Calculate y(5).
-4
Let k(z) = -z**3 + 4*z**2 + 8*z + 10. Determine k(-2).
18
Let l(j) = 3*j - 6. What is l(9)?
21
Let i(p) = -3*p**3 + 10*p**2 - 3*p - 5. What is i(3)?
-5
Let c(w) = w**2 + 10*w - 62. Determine c(4).
-6
Let c(h) = 4*h + 15. Give c(-3).
3
Let w(a) = 2*a**2 - a - 6. Calculate w(4).
22
Let h(l) = 3*l**3 - 9*l - 10. Determine h(-1).
-4
Let q(v) = v**2 + 16*v - 16. What is q(-12)?
-64
Let m(j) = -27*j + 87. Determine m(3).
6
Let q(b) = -130*b + 777. What is q(6)?
-3
Let y(f) = 5*f**2 - 224*f - 43. Calculate y(45).
2
Let s(f) = f**2 + 11*f + 4. Calculate s(-11).
4
Let n(h) = h**3 - 16*h - 3. Give n(4).
-3
Let h(y) = y - 38. Calculate h(23).
-15
Let i(l) = 2*l**3 + 6*l**2 + l - 4. Calculate i(-1).
-1
Let k(i) = 7*i**3 - i**2 + 7*i - 7. Calculate k(1).
6
Let n(u) = 3*u - 35. Give n(7).
-14
Let y(i) = 3*i + 10. Calculate y(-17).
-41
Let o(y) = -4*y**2 - y + 2. Calculate o(2).
-16
Let n(g) = 2*g**3 + 3*g**2 - g - 3. Calculate n(-2).
-5
Let o(m) = 2*m**2 + 20*m + 9. Give o(-10).
9
Let n(c) = 2*c**2 - 26*c + 91. Calculate n(3).
31
Let b(r) = 2*r**3 - 18*r**2 + 17*r + 8. Calculate b(8).
16
Let s(v) = v**3 - 13*v**2 - 28*v - 32. What is s(15)?
-2
Let z(k) = -k**3 + 14*k**2 - 11*k - 18. Determine z(13).
8
Let k(b) = b**3 - 8*b**2 + 2*b - 6. Calculate k(4).
-62
Let l(j) = 3*j**3 + 2*j**2 - 4*j - 1. Determine l(-3).
-52
Let v(u) = u**3 + 2*u**2 - 6*u + 38. Determine v(-6).
-70
Let l(b) = -11*b - 7. Calculate l(8).
-95
Let s(l) = l**2 - 7*l + 2. What is s(3)?
-10
Let j(x) = x**3 + 6*x**2 + 4*x - 16. Calculate j(-4).
0
Let g(y) = -y**2 + 20*y - 7. Give g(20).
-7
Let a(l) = -2*l**2 + 2*l. What is a(-2)?
-12
Let d(m) = -4*m**2 - 5*m + 1. Calculate d(-4).
-43
Let x(f) = 7*f**2 + f. Give x(1).
8
Let i(p) = -p**3 + 10*p**2 - 8*p - 5. Calculate i(9).
4
Let a(p) = 2*p**3 + 5*p**2 + 4*p. What is a(-3)?
-21
Let a(r) = -r**2 - 11*r - 17. What is a(-9)?
1
Let w(t) = 22*t + 4. Determine w(-2).
-40
Let r(t) = 29*t - 80. Give r(3).
7
Let k(y) = -2*y + 6. Determine k(-3).
12
Let w(u) = u**2 + 6*u - 10. Determine w(2).
6
Let m(h) = -9*h**2 + 2*h - 4. What is m(4)?
-140
Let j(v) = v**3 - 2*v - 135. Determine j(0).
-135
Let d(s) = -7*s**2 - 11*s - 15. What is d(-2)?
-21
Let i(z) = -2*z + 27. Give i(11).
5
Let f(b) = 18*b + 1032. Calculate f(-57).
6
Let z(u) = u**2 + 19*u - 27. Give z(-24).
93
Let z(l) = -4*l**2 - l. Determine z(-1).
-3
Let s(q) = -q**2 - 18*q - 34. What is s(-16)?
-2
Let v(x) = x**2 - 14*x + 20. Determine v(14).
20
Let j(i) = 3*i**2 + i - 4. Calculate j(-2).
6
Let t(o) = o**3 + 6*o**2 + 3*o - 28. Determine t(-4).
-8
Let a(q) = -q**3 - q**2 + 8*q + 8. Determine a(-1).
0
Let j(x) = -x + 8. Determine j(-20).
28
Let w(t) = -2*t + 15. Calculate w(6).
3
Let h(v) = v**3 - 9*v**2 + 8*v + 5. Calculate h(8).
5
Let l(n) = -3*n**2 + 34*n - 85. Determine l(3).
-10
Let w(a) = -a**2 + 7*a + 13. Determine w(8).
5
Let d(y) = 6*y - 94. Determine d(15).
-4
Let p(v) = v**3 + 7*v**2 + 11*v + 19. Calculate p(-5).
14
Let m(d) = -d**3 - 6*d**2 - 2*d + 4. Give m(-6).
16
Let d(h) = -h**2 - 8*h - 23. Calculate d(-6).
-11
Let r(m) = -m**2 - 8*m - 4. Calculate r(-6).
8
Let h(w) = w**3 - 18*w**2 + 6. Give h(18).
6
Let u(m) = m + 9. Determine u(-11).
-2
Let o(s) = 30*s - 129. Give o(4).
-9
Let s(h) = h**3 - 6*h**2 - 3*h - 18. What is s(6)?
-36
Let s(v) = -2*v**2 - 2*v + 31. Calculate s(-5).
-9
Let p(s) = s**3 + 7*s**2 - 6*s. Determine p(-7).
42
Let t(b) = 12*b + 38. Give t(-4).
-10
Let c(l) = l**3 - 8*l**2 + 2*l - 4. What is c(8)?
12
Let o(s) = s**2 - 19*s - 291. Determine o(29).
-1
Let y(l) = l**2 + l + 1. Calculate y(5).
31
Let s(k) = -k**3 - 3*k**2 + 9*k - 3. Give s(-5).
2
Let m(g) = 8*g**3 - g**2 + g. Give m(1).
8
Let f(r) = 2*r**3 + 12*r**2 - 4. Calculate f(-6).
-4
Let c(b) = b**2 + 8*b + 4. Give c(-5).
-11
Let v(j) = -3*j**3 - 